{"id":18353,"date":"2021-04-04T17:38:47","date_gmt":"2021-04-04T22:38:47","guid":{"rendered":"https:\/\/www.colegiohispano.edu.co\/newhispano\/siteweb\/?page_id=18353"},"modified":"2025-08-25T18:24:09","modified_gmt":"2025-08-25T23:24:09","slug":"ingles","status":"publish","type":"page","link":"https:\/\/www.colegiohispano.edu.co\/siteweb\/ingles\/","title":{"rendered":"Ingl\u00e9s"},"content":{"rendered":"<p>[vc_row dfd_row_config=&#8221;full_width_content_paddings&#8221; css=&#8221;.vc_custom_1461754707519{padding-right: 3% !important;padding-left: 3% !important;}&#8221;][vc_column]<div class=\"dfd-heading-shortcode\"><div class=\"dfd-heading-module-wrap  text-center style_02 dfd-heading-69f637781247f dfd-disable-resposive-headings\" id=\"dfd-heading-69f637781247f\" ><div class=\"inline-block\"><div class=\"dfd-heading-module\"><h5 class=\"widget-title dfd-title \" style=\"\"><span style=\"color: #004693; font-style: italic;\">Ingl\u00e9s <\/span><\/h5><\/div><\/div><\/div><script type=\"text\/javascript\">\r\n\t\t\t\t\t\t\t\t\t(function($) {\r\n\t\t\t\t\t\t\t\t\t\t$(\"head\").append(\"<style>.dfd-heading-69f637781247f.dfd-heading-module-wrap .dfd-heading-module .dfd-heading-delimiter {margin-top:10px;margin-bottom:10px;}<\/style>\");\r\n\t\t\t\t\t\t\t\t\t})(jQuery);\r\n\t\t\t\t\t\t\t\t<\/script><\/div>[vc_column_text]<span style=\"font-weight: 400;\">El Departamento de Idioma extranjero tiene como objetivo fomentar el aprendizaje del idioma ingl\u00e9s desde la competencia comunicativa, a trav\u00e9s de las habilidades de comprensi\u00f3n (escucha y lectura) y producci\u00f3n (expresi\u00f3n oral y escrita). Dichas habilidades facilitan el acercamiento al mundo globalizado,\u00a0 ofreci\u00e9ndoles a los estudiantes la oportunidad\u00a0 de comprender otros contextos culturales y sociales.<\/span><\/p>\n<p><span style=\"font-weight: 400;\">A trav\u00e9s del desarrollo de la competencia comunicativa\u00a0 los alumnos aumentan\u00a0 su nivel de desempe\u00f1o al emplear el idioma\u00a0 desde contextos reales de interacci\u00f3n, para construir e intercambiar significados y sentimientos, descubriendo la importancia de comunicarse en ingl\u00e9s. (Habilidades para la vida)<\/span><\/p>\n<p><span style=\"font-weight: 400;\">Los estudiantes desempe\u00f1an un papel din\u00e1mico y aut\u00f3nomo en\u00a0 actividades que\u00a0 fomentan la participaci\u00f3n, y proporcionan mayor interacci\u00f3n desde las diferentes situaciones comunicativas.<\/span>[\/vc_column_text]<div class=\"dfd-spacer-module\"  data-units=\"px\" data-wide_resolution=\"1280\" data-wide_size=\"10\" data-normal_resolution=\"1024\" data-normal_size=\"\" data-tablet_resolution=\"800\" data-tablet_size=\"\" data-mobile_resolution=\"480\" data-mobile_size=\"\" style=\"height: 10px;\"><\/div>[\/vc_column][vc_column]<div class=\"dfd-spacer-module\"  data-units=\"px\" data-wide_resolution=\"1280\" data-wide_size=\"90\" data-normal_resolution=\"1024\" data-normal_size=\"80\" data-tablet_resolution=\"800\" data-tablet_size=\"100\" data-mobile_resolution=\"480\" data-mobile_size=\"90\" style=\"height: 90px;\"><\/div><div class=\"dfd-heading-shortcode\"><div class=\"dfd-heading-module-wrap  text-center style_01 dfd-heading-69f6377812ca8 dfd-disable-resposive-headings\" id=\"dfd-heading-69f6377812ca8\" ><div class=\"inline-block\"><div class=\"dfd-heading-module\"><h5 class=\"widget-title dfd-title \" style=\"font-size: 40px; line-height: 40px; letter-spacing: -2px; \"><strong>Somos Hispanos <\/strong><\/p>\n<p><strong>en <\/strong><span style=\"color: #004693;\"><b><i>CercanIA<\/i><\/b><\/span><\/h5><\/div><\/div><\/div><script type=\"text\/javascript\">\r\n\t\t\t\t\t\t\t\t\t(function($) {\r\n\t\t\t\t\t\t\t\t\t\t$(\"head\").append(\"<style>.dfd-heading-69f6377812ca8 .dfd-heading-module .widget-title {margin-bottom:15px;}.dfd-heading-69f6377812ca8.dfd-heading-module-wrap .dfd-heading-module .dfd-heading-delimiter {margin-top:10px;margin-bottom:10px;}<\/style>\");\r\n\t\t\t\t\t\t\t\t\t})(jQuery);\r\n\t\t\t\t\t\t\t\t<\/script><\/div><div class=\"dfd-spacer-module\"  data-units=\"px\" data-wide_resolution=\"1280\" data-wide_size=\"30\" data-normal_resolution=\"1024\" data-normal_size=\"30\" data-tablet_resolution=\"800\" data-tablet_size=\"30\" data-mobile_resolution=\"480\" data-mobile_size=\"30\" style=\"height: 30px;\"><\/div>[\/vc_column][\/vc_row][vc_row][vc_column][\/vc_column][\/vc_row]<\/p>\n","protected":false},"excerpt":{"rendered":"<p>[vc_row dfd_row_config=&#8221;full_width_content_paddings&#8221; css=&#8221;.vc_custom_1461754707519{padding-right: 3% !important;padding-left: 3% !important;}&#8221;][vc_column][vc_column_text]El Departamento de Idioma extranjero tiene como objetivo fomentar el aprendizaje del idioma ingl\u00e9s desde la competencia comunicativa, a trav\u00e9s de las habilidades de<\/p>\n","protected":false},"author":1,"featured_media":0,"parent":0,"menu_order":0,"comment_status":"closed","ping_status":"closed","template":"page-custom-with-header.php","meta":[],"_links":{"self":[{"href":"https:\/\/www.colegiohispano.edu.co\/siteweb\/wp-json\/wp\/v2\/pages\/18353"}],"collection":[{"href":"https:\/\/www.colegiohispano.edu.co\/siteweb\/wp-json\/wp\/v2\/pages"}],"about":[{"href":"https:\/\/www.colegiohispano.edu.co\/siteweb\/wp-json\/wp\/v2\/types\/page"}],"author":[{"embeddable":true,"href":"https:\/\/www.colegiohispano.edu.co\/siteweb\/wp-json\/wp\/v2\/users\/1"}],"replies":[{"embeddable":true,"href":"https:\/\/www.colegiohispano.edu.co\/siteweb\/wp-json\/wp\/v2\/comments?post=18353"}],"version-history":[{"count":8,"href":"https:\/\/www.colegiohispano.edu.co\/siteweb\/wp-json\/wp\/v2\/pages\/18353\/revisions"}],"predecessor-version":[{"id":21070,"href":"https:\/\/www.colegiohispano.edu.co\/siteweb\/wp-json\/wp\/v2\/pages\/18353\/revisions\/21070"}],"wp:attachment":[{"href":"https:\/\/www.colegiohispano.edu.co\/siteweb\/wp-json\/wp\/v2\/media?parent=18353"}],"curies":[{"name":"wp","href":"https:\/\/api.w.org\/{rel}","templated":true}]}}