{"id":18399,"date":"2021-04-04T18:09:24","date_gmt":"2021-04-04T23:09:24","guid":{"rendered":"https:\/\/www.colegiohispano.edu.co\/newhispano\/siteweb\/?page_id=18399"},"modified":"2024-09-04T18:07:01","modified_gmt":"2024-09-04T23:07:01","slug":"biblioteca","status":"publish","type":"page","link":"https:\/\/www.colegiohispano.edu.co\/siteweb\/biblioteca\/","title":{"rendered":"Descripci\u00f3n General"},"content":{"rendered":"<p>[vc_row dfd_row_config=&#8221;full_width_content_paddings&#8221; css=&#8221;.vc_custom_1461754707519{padding-right: 3% !important;padding-left: 3% !important;}&#8221;][vc_column]<div class=\"dfd-spacer-module\"  data-units=\"px\" data-wide_resolution=\"1280\" data-wide_size=\"10\" data-normal_resolution=\"1024\" data-normal_size=\"\" data-tablet_resolution=\"800\" data-tablet_size=\"\" data-mobile_resolution=\"480\" data-mobile_size=\"\" style=\"height: 10px;\"><\/div><div class=\"dfd-heading-shortcode\"><div class=\"dfd-heading-module-wrap  text-center style_02 dfd-heading-69f620a688b35 dfd-disable-resposive-headings\" id=\"dfd-heading-69f620a688b35\" ><div class=\"inline-block\"><div class=\"dfd-heading-module\"><h3 class=\"widget-title dfd-title \" style=\"\"><span style=\"color: #004693; font-style: arial;\">Biblioteca <\/span><\/p>\n<p><\/h3><\/div><\/div><\/div><script type=\"text\/javascript\">\r\n\t\t\t\t\t\t\t\t\t(function($) {\r\n\t\t\t\t\t\t\t\t\t\t$(\"head\").append(\"<style>.dfd-heading-69f620a688b35.dfd-heading-module-wrap .dfd-heading-module .dfd-heading-delimiter {margin-top:10px;margin-bottom:10px;}<\/style>\");\r\n\t\t\t\t\t\t\t\t\t})(jQuery);\r\n\t\t\t\t\t\t\t\t<\/script><\/div>[\/vc_column][vc_column][vc_column_text]<b>PRESENTACI\u00d3N:<\/b><\/p>\n<p><span style=\"font-weight: 400;\">La biblioteca es un espacio de encuentro, di\u00e1logo y cohesi\u00f3n social, ya que permite a los estudiantes acceder al conocimiento y participar en diferentes proceso de promoci\u00f3n de lectura, escritura y actividades culturales y art\u00edsticas; mediante la lectura aut\u00f3noma, el pr\u00e9stamos externos de libros, intercambio de conocimientos con otras personas, haciendo uso de los juegos de mesa, realizando manualidades u otro tipo de actividades extracurriculares, participando en la Feria del Libro organizada por la misma etc.\u00a0\u00a0<\/span><\/p>\n<p><span style=\"font-weight: 400;\">Adem\u00e1s, la bibliotecaria realiza un encuentro por grado cada 15 d\u00edas, donde lleva a cabo de manera muy l\u00fadica diferentes temas teniendo como eje principal el libro en sus diferentes formatos partiendo de la edad de los infantes.\u00a0<\/span><\/p>\n<p><span style=\"font-weight: 400;\">Para este a\u00f1o, propone fortalecer las actividades extracurriculares con talleres de ajedrez, culinaria, manualidades y realizar un club de lectura. Por otro lado, en las horas de biblioteca con los estudiantes de todos los grados de primaria, se trabajar\u00e1 el tema de la convivencia escolar, ya que es el horizonte institucional de este a\u00f1o lectivo 2019 \u2013 2020. Adem\u00e1s de apoyar a las profesoras del departamento de lengua castellana con el plan lector y el peri\u00f3dico escolar.<\/span><\/p>\n<p><b>OBJETIVO GENERAL:<\/b><\/p>\n<p><span style=\"font-weight: 400;\">Generar espacios en la biblioteca infantil que promuevan el acercamiento y disfrute de diferentes estrategias de lectura y escritura por parte de los estudiantes de primaria, fortaleciendo intr\u00ednsecamente sus habilidades comunicativas.<\/span><\/p>\n<p><b>OBJETIVOS ESPEC\u00cdFICOS:<\/b><\/p>\n<ul>\n<li style=\"font-weight: 400;\" aria-level=\"1\"><span style=\"font-weight: 400;\">Fomentar los h\u00e1bitos de lectura individual y compartida, escritura y el aprovechamiento del tiempo de ocio en los estudiantes mediante la estanter\u00eda de libros abierta, exhibici\u00f3n de libros y variedad de actividades.<\/span><\/li>\n<li style=\"font-weight: 400;\" aria-level=\"1\"><span style=\"font-weight: 400;\">Promover el acceso a la informaci\u00f3n para fortalecer un pensamiento reflexivo y cr\u00edtico.<\/span><\/li>\n<\/ul>\n<p><b>SERVICIOS DE LA BIBLIOTECA INFANTIL:<\/b><\/p>\n<ul>\n<li style=\"font-weight: 400;\" aria-level=\"1\"><span style=\"font-weight: 400;\">Pr\u00e9stamo interno y externo de libros.<\/span><\/li>\n<li style=\"font-weight: 400;\" aria-level=\"1\"><span style=\"font-weight: 400;\">Pr\u00e9stamo de juegos de mesa.<\/span><\/li>\n<li style=\"font-weight: 400;\" aria-level=\"1\"><span style=\"font-weight: 400;\">Actividades extracurriculares (manualidades, club de lectura, proyecci\u00f3n de \u00a0 \u00a0 pel\u00edculas, etc).<\/span><\/li>\n<li style=\"font-weight: 400;\" aria-level=\"1\"><span style=\"font-weight: 400;\">Apoyo pedag\u00f3gico.<\/span><\/li>\n<li style=\"font-weight: 400;\" aria-level=\"1\"><span style=\"font-weight: 400;\">Hora de biblioteca con los estudiantes de primaria.\u00a0<\/span><\/li>\n<\/ul>\n<p>[\/vc_column_text]<div class=\"dfd-spacer-module\"  data-units=\"px\" data-wide_resolution=\"1280\" data-wide_size=\"90\" data-normal_resolution=\"1024\" data-normal_size=\"80\" data-tablet_resolution=\"800\" data-tablet_size=\"100\" data-mobile_resolution=\"480\" data-mobile_size=\"90\" style=\"height: 90px;\"><\/div><div class=\"dfd-heading-shortcode\"><div class=\"dfd-heading-module-wrap  text-center style_01 dfd-heading-69f620a68922a dfd-disable-resposive-headings\" id=\"dfd-heading-69f620a68922a\" ><div class=\"inline-block\"><div class=\"dfd-heading-module\"><h5 class=\"widget-title dfd-title \" style=\"font-size: 40px; line-height: 40px; letter-spacing: -2px; \"><strong>Soy Orgullo<\/strong><br \/>\n<strong><span style=\"color: #004693; font-style: italic;\">Hispano <\/span><span style=\"color: #004693; font-style: italic;\">y Fortalezco <\/span><\/strong><br \/>\n<strong><span style=\"color: #000000; font-style: italic;\">mi Identidad\u00a0<\/span><\/strong><\/h5><\/div><\/div><\/div><script type=\"text\/javascript\">\r\n\t\t\t\t\t\t\t\t\t(function($) {\r\n\t\t\t\t\t\t\t\t\t\t$(\"head\").append(\"<style>.dfd-heading-69f620a68922a .dfd-heading-module .widget-title {margin-bottom:15px;}.dfd-heading-69f620a68922a.dfd-heading-module-wrap .dfd-heading-module .dfd-heading-delimiter {margin-top:10px;margin-bottom:10px;}<\/style>\");\r\n\t\t\t\t\t\t\t\t\t})(jQuery);\r\n\t\t\t\t\t\t\t\t<\/script><\/div><div class=\"dfd-spacer-module\"  data-units=\"px\" data-wide_resolution=\"1280\" data-wide_size=\"30\" data-normal_resolution=\"1024\" data-normal_size=\"30\" data-tablet_resolution=\"800\" data-tablet_size=\"30\" data-mobile_resolution=\"480\" data-mobile_size=\"30\" style=\"height: 30px;\"><\/div>[\/vc_column][\/vc_row][vc_row][vc_column][\/vc_column][\/vc_row]<\/p>\n","protected":false},"excerpt":{"rendered":"<p>[vc_row dfd_row_config=&#8221;full_width_content_paddings&#8221; css=&#8221;.vc_custom_1461754707519{padding-right: 3% !important;padding-left: 3% !important;}&#8221;][vc_column][\/vc_column][vc_column][vc_column_text]PRESENTACI\u00d3N: La biblioteca es un espacio de encuentro, di\u00e1logo y cohesi\u00f3n social, ya que permite a los estudiantes acceder al conocimiento y participar en<\/p>\n","protected":false},"author":1,"featured_media":18780,"parent":0,"menu_order":0,"comment_status":"closed","ping_status":"closed","template":"page-custom-with-header.php","meta":[],"_links":{"self":[{"href":"https:\/\/www.colegiohispano.edu.co\/siteweb\/wp-json\/wp\/v2\/pages\/18399"}],"collection":[{"href":"https:\/\/www.colegiohispano.edu.co\/siteweb\/wp-json\/wp\/v2\/pages"}],"about":[{"href":"https:\/\/www.colegiohispano.edu.co\/siteweb\/wp-json\/wp\/v2\/types\/page"}],"author":[{"embeddable":true,"href":"https:\/\/www.colegiohispano.edu.co\/siteweb\/wp-json\/wp\/v2\/users\/1"}],"replies":[{"embeddable":true,"href":"https:\/\/www.colegiohispano.edu.co\/siteweb\/wp-json\/wp\/v2\/comments?post=18399"}],"version-history":[{"count":13,"href":"https:\/\/www.colegiohispano.edu.co\/siteweb\/wp-json\/wp\/v2\/pages\/18399\/revisions"}],"predecessor-version":[{"id":20803,"href":"https:\/\/www.colegiohispano.edu.co\/siteweb\/wp-json\/wp\/v2\/pages\/18399\/revisions\/20803"}],"wp:featuredmedia":[{"embeddable":true,"href":"https:\/\/www.colegiohispano.edu.co\/siteweb\/wp-json\/wp\/v2\/media\/18780"}],"wp:attachment":[{"href":"https:\/\/www.colegiohispano.edu.co\/siteweb\/wp-json\/wp\/v2\/media?parent=18399"}],"curies":[{"name":"wp","href":"https:\/\/api.w.org\/{rel}","templated":true}]}}